{"id":14653,"date":"2025-02-11T16:35:11","date_gmt":"2025-02-11T16:35:11","guid":{"rendered":"https:\/\/beauteexclusive.com\/?product=rimmel-glow-stick-surligneur-pour-le-visage-baton-n-04"},"modified":"2025-02-11T16:35:11","modified_gmt":"2025-02-11T16:35:11","slug":"rimmel-glow-stick-surligneur-pour-le-visage-baton-n-04","status":"publish","type":"product","link":"https:\/\/beauteexclusive.com\/?product=rimmel-glow-stick-surligneur-pour-le-visage-baton-n-04","title":{"rendered":"Rimmel Glow Stick surligneur pour le visage b\u00e2ton n \u00b0 04"},"content":{"rendered":"<p><br \/>\nPrice: <span style=\"color:#b12704\"><del>7,99\u20ac<\/del> - \u20ac12,95<\/span><br \/><i><small>(as of Feb 11, 2025 16:35:11 UTC &#8211; <span class=\"wp_automatic_amazon_disclaimer\" title=\"Product prices and availability are accurate as of the date\/time indicated and are subject to change. Any price and availability information displayed on [relevant Amazon Site(s), as applicable] at the time of purchase will apply to the purchase of this product.\">Details<\/span>)<\/small><\/i><\/p>\n<p><a href=\"https:\/\/amazon.fr\/dp\/B08F5SV53P?tag=topdeals0945-21\"><img decoding=\"async\" src=\"https:\/\/valvepress.s3.amazonaws.com\/imgs\/buy_now.png\"><\/a><br \/>\n<br \/>\n<span>Le surligneur de b\u00e2ton Glow Stick n \u00b0 04 est un bel aspect sans effort. Une application simple et transparente vous permettra d&#8217;\u00e9clairer la partie de votre visage et de lui donner une belle brillance fra\u00eeche qui rehaussera parfaitement tous ses atouts. Enrichi de taches nacr\u00e9es, le surligneur pour le visage de KnockGlow Stick se fond dans la peau et fait ressortir son \u00e9clairage naturel. Gr\u00e2ce \u00e0 sa forme de b\u00e2ton confortable, vous pouvez facilement l&#8217;appliquer et obtenir un look frais en un rien de temps! Vous pouvez cr\u00e9er l&#8217;effet en le faisant correspondre \u00e0 l&#8217;occasion, d&#8217;un \u00e9clat doux \u00e0 une brillance intense et \u00e9blouissante. La formule velout\u00e9e douce ne surcharge pas la peau, de sorte que le surligneur Glow Stick peut \u00eatre port\u00e9 toute la journ\u00e9e. L&#8217;avantage du b\u00e2ton est que vous en b\u00e9n\u00e9ficierez o\u00f9 que vous soyez, ajoutez d\u00e9sormais de la brillance \u00e0 votre peau en toutes circonstances. Si vous voulez illuminer votre maquillage quotidien, nous avons quelque chose de sp\u00e9cial pour vous: un surligneur en b\u00e2ton de Lubrille Stick.<\/span><br \/> Dimensions du produit (L x l x h) \u200f : \u200e  6 x 4 x 3 cm; 5 grammes <br \/> Fabricant \u200f : \u200e  COTY <br \/> ASIN \u200f : \u200e  B08F5SV53P <br \/> Num\u00e9ro du mod\u00e8le de l&#8217;article \u200f : \u200e  RMLCMW013 <\/p>\n<p>Le surligneur pour le visage du b\u00e2ton de Glow, rend le teint instantan\u00e9ment lumineux et revigorant.<br \/>Selon la m\u00e9thode d&#8217;application, il donne \u00e0 la peau une brillance douce et fra\u00eeche ou une brillance intense et \u00e9blouissante.<br \/>Vous pouvez l&#8217;appliquer dans toutes les conditions, m\u00eame sans miroir<br \/>L&#8217;effet naturel de la lueur dure toute la journ\u00e9e.<\/p>\n\n","protected":false},"excerpt":{"rendered":"<p> Le surligneur de b\u00e2ton Glow Stick n \u00b0 04 est un bel aspect sans effort. Une application simple et transparente vous permettra d&#8217;\u00e9clairer la partie de votre visage et de lui donner une belle brillance fra\u00eeche qui rehaussera parfaitement tous ses atouts. Enrichi de taches nacr\u00e9es, le surligneur pour le [&hellip;]<\/p>\n","protected":false},"featured_media":14654,"comment_status":"open","ping_status":"closed","template":"","meta":{"_gspb_post_css":""},"store":[],"product_brand":[],"product_cat":[27],"product_tag":[16],"class_list":{"0":"post-14653","1":"product","2":"type-product","3":"status-publish","4":"has-post-thumbnail","6":"product_cat-face-highlighters","7":"product_tag-makeup","9":"first","10":"instock","11":"shipping-taxable","12":"product-type-external"},"_links":{"self":[{"href":"https:\/\/beauteexclusive.com\/index.php?rest_route=\/wp\/v2\/product\/14653","targetHints":{"allow":["GET"]}}],"collection":[{"href":"https:\/\/beauteexclusive.com\/index.php?rest_route=\/wp\/v2\/product"}],"about":[{"href":"https:\/\/beauteexclusive.com\/index.php?rest_route=\/wp\/v2\/types\/product"}],"replies":[{"embeddable":true,"href":"https:\/\/beauteexclusive.com\/index.php?rest_route=%2Fwp%2Fv2%2Fcomments&post=14653"}],"wp:featuredmedia":[{"embeddable":true,"href":"https:\/\/beauteexclusive.com\/index.php?rest_route=\/wp\/v2\/media\/14654"}],"wp:attachment":[{"href":"https:\/\/beauteexclusive.com\/index.php?rest_route=%2Fwp%2Fv2%2Fmedia&parent=14653"}],"wp:term":[{"taxonomy":"store","embeddable":true,"href":"https:\/\/beauteexclusive.com\/index.php?rest_route=%2Fwp%2Fv2%2Fstore&post=14653"},{"taxonomy":"product_brand","embeddable":true,"href":"https:\/\/beauteexclusive.com\/index.php?rest_route=%2Fwp%2Fv2%2Fproduct_brand&post=14653"},{"taxonomy":"product_cat","embeddable":true,"href":"https:\/\/beauteexclusive.com\/index.php?rest_route=%2Fwp%2Fv2%2Fproduct_cat&post=14653"},{"taxonomy":"product_tag","embeddable":true,"href":"https:\/\/beauteexclusive.com\/index.php?rest_route=%2Fwp%2Fv2%2Fproduct_tag&post=14653"}],"curies":[{"name":"wp","href":"https:\/\/api.w.org\/{rel}","templated":true}]}}