{"id":15283,"date":"2025-02-13T13:51:53","date_gmt":"2025-02-13T13:51:53","guid":{"rendered":"https:\/\/www.beauteexclusive.com\/?product=mad-beauty-looney-tunes-booklet-visage-masque-4-piece-set"},"modified":"2025-02-13T13:51:53","modified_gmt":"2025-02-13T13:51:53","slug":"mad-beauty-looney-tunes-booklet-visage-masque-4-piece-set","status":"publish","type":"product","link":"https:\/\/beauteexclusive.com\/?product=mad-beauty-looney-tunes-booklet-visage-masque-4-piece-set","title":{"rendered":"MAD Beauty Looney Tunes Booklet Visage Masque 4-Pi\u00e8ce Set"},"content":{"rendered":"<p><br \/>\nPrice: <span style=\"color:#b12704\">19,50\u20ac<\/span><br \/><i><small>(as of Feb 13, 2025 13:51:53 UTC &#8211; <span class=\"wp_automatic_amazon_disclaimer\" title=\"Product prices and availability are accurate as of the date\/time indicated and are subject to change. Any price and availability information displayed on [relevant Amazon Site(s), as applicable] at the time of purchase will apply to the purchase of this product.\">Details<\/span>)<\/small><\/i><\/p>\n<p><a href=\"https:\/\/amazon.fr\/dp\/B08WWYP1QF?tag=topdeals0945-21\"><img decoding=\"async\" src=\"https:\/\/valvepress.s3.amazonaws.com\/imgs\/buy_now.png\"><\/a><br \/>\n<br \/>\n <span>Le masque facial Mad Beauty Looney Tunes Livret contient quatre masques mignons mais pratiques aux parfums vari\u00e9s. Tweety tarte (miel), Taz (noix de coco), Bugs (fraise) et Sylvester (fruit de la passion). Avec une grande puissance vient une grande responsabilit\u00e9 de prendre soin de votre peau, pr\u00e9parer votre visage \u00e0 combattre le mal. Livr\u00e9 en 4 pi\u00e8ces de 25 ml chacun.<\/span>  <br \/> Dimensions du produit (L x l x h)                                    \u200f                                         :                                    \u200e                                 1,7 x 12,25 x 16,5 cm; 120 grammes <br \/> Fabricant                                    \u200f                                         :                                    \u200e                                 Mad Beauty <br \/> ASIN                                    \u200f                                         :                                    \u200e                                 B08WWYP1QF <br \/> Num\u00e9ro du mod\u00e8le de l&#8217;article                                    \u200f                                         :                                    \u200e                                 WBLT-FG2673-6 <\/p>\n<p>Tweety, Taz, Bugs Bunny &#038; Sylvester imprim\u00e9 masques \u00e0 usage unique<br \/>Hydratera, rafra\u00eechit et ravive votre peau<br \/>Un excellent cadeau pour n&#8217;importe quelle Looney Tunes<br \/>Convient \u00e0 tous les types de peau<br \/>Sans cruaut\u00e9<br \/>Volume du colis: 25.0 millilitres<\/p>\n\n","protected":false},"excerpt":{"rendered":"<p> Le masque facial Mad Beauty Looney Tunes Livret contient quatre masques mignons mais pratiques aux parfums vari\u00e9s. Tweety tarte (miel), Taz (noix de coco), Bugs (fraise) et Sylvester (fruit de la passion). Avec une grande puissance vient une grande responsabilit\u00e9 de prendre soin de votre peau, pr\u00e9parer votre visage \u00e0 [&hellip;]<\/p>\n","protected":false},"featured_media":15284,"comment_status":"open","ping_status":"closed","template":"","meta":{"_gspb_post_css":""},"store":[],"product_brand":[],"product_cat":[34],"product_tag":[16],"class_list":{"0":"post-15283","1":"product","2":"type-product","3":"status-publish","4":"has-post-thumbnail","6":"product_cat-facial-skin-care-sets","7":"product_tag-makeup","9":"first","10":"instock","11":"shipping-taxable","12":"product-type-external"},"_links":{"self":[{"href":"https:\/\/beauteexclusive.com\/index.php?rest_route=\/wp\/v2\/product\/15283","targetHints":{"allow":["GET"]}}],"collection":[{"href":"https:\/\/beauteexclusive.com\/index.php?rest_route=\/wp\/v2\/product"}],"about":[{"href":"https:\/\/beauteexclusive.com\/index.php?rest_route=\/wp\/v2\/types\/product"}],"replies":[{"embeddable":true,"href":"https:\/\/beauteexclusive.com\/index.php?rest_route=%2Fwp%2Fv2%2Fcomments&post=15283"}],"wp:featuredmedia":[{"embeddable":true,"href":"https:\/\/beauteexclusive.com\/index.php?rest_route=\/wp\/v2\/media\/15284"}],"wp:attachment":[{"href":"https:\/\/beauteexclusive.com\/index.php?rest_route=%2Fwp%2Fv2%2Fmedia&parent=15283"}],"wp:term":[{"taxonomy":"store","embeddable":true,"href":"https:\/\/beauteexclusive.com\/index.php?rest_route=%2Fwp%2Fv2%2Fstore&post=15283"},{"taxonomy":"product_brand","embeddable":true,"href":"https:\/\/beauteexclusive.com\/index.php?rest_route=%2Fwp%2Fv2%2Fproduct_brand&post=15283"},{"taxonomy":"product_cat","embeddable":true,"href":"https:\/\/beauteexclusive.com\/index.php?rest_route=%2Fwp%2Fv2%2Fproduct_cat&post=15283"},{"taxonomy":"product_tag","embeddable":true,"href":"https:\/\/beauteexclusive.com\/index.php?rest_route=%2Fwp%2Fv2%2Fproduct_tag&post=15283"}],"curies":[{"name":"wp","href":"https:\/\/api.w.org\/{rel}","templated":true}]}}