{"id":15315,"date":"2025-02-14T12:26:01","date_gmt":"2025-02-14T12:26:01","guid":{"rendered":"https:\/\/beauteexclusive.com\/?product=tonique-250ml-pour-peaux-seches"},"modified":"2025-02-14T12:26:01","modified_gmt":"2025-02-14T12:26:01","slug":"tonique-250ml-pour-peaux-seches","status":"publish","type":"product","link":"https:\/\/beauteexclusive.com\/?product=tonique-250ml-pour-peaux-seches","title":{"rendered":"Tonique 250ml pour peaux Seches"},"content":{"rendered":"<p><br \/>\nPrice: <span style=\"color:#b12704\">3,69\u20ac<\/span><br \/><i><small>(as of Feb 14, 2025 12:26:01 UTC &#8211; <span class=\"wp_automatic_amazon_disclaimer\" title=\"Product prices and availability are accurate as of the date\/time indicated and are subject to change. Any price and availability information displayed on [relevant Amazon Site(s), as applicable] at the time of purchase will apply to the purchase of this product.\">Details<\/span>)<\/small><\/i><\/p>\n<p><a href=\"https:\/\/amazon.fr\/dp\/B00BJHDAB4?tag=topdeals0945-21\"><img decoding=\"async\" src=\"https:\/\/valvepress.s3.amazonaws.com\/imgs\/buy_now.png\"><\/a><br \/>\n<br \/>\n <span>Tonico 250 Secas<\/span>  <br \/> Production interrompue par le fabricant                                    \u200f                                         :                                    \u200e                                 Non <br \/> Fabricant                                    \u200f                                         :                                    \u200e                                 Postquam <br \/> ASIN                                    \u200f                                         :                                    \u200e                                 B00BJHDAB4 <br \/> Num\u00e9ro du mod\u00e8le de l&#8217;article                                    \u200f                                         :                                    \u200e                                 PQE01220 <br \/> Pays d&#8217;origine                                    \u200f                                         :                                    \u200e                                 Espagne <br \/> Service                                    \u200f                                         :                                    \u200e                                 Femme <\/p>\n<p>Tonique facial formul\u00e9 sans alcool pour \u00e9viter les irritations cutan\u00e9es<br \/>Tonique hydratant &#8211; exerce un effet super hydratant, en raison de sa teneur en aloe vera et en prot\u00e9ines de soie<br \/>Provoque un effet tonifiant et rafra\u00eechissant<br \/>Id\u00e9al pour un bon soin du visage<br \/>Le tonique contribue \u00e0 resserrer les pores et \u00e0 \u00e9quilibrer la peau afin qu&#8217;elle soit pr\u00eate \u00e0 recevoir un traitement ult\u00e9rieur<br \/>Unit\u00e9s: 1.0<\/p>\n\n","protected":false},"excerpt":{"rendered":"<p> Tonico 250 Secas Production interrompue par le fabricant \u200f : \u200e Non Fabricant \u200f : \u200e Postquam ASIN \u200f : \u200e B00BJHDAB4 Num\u00e9ro du mod\u00e8le de l&#8217;article \u200f : \u200e PQE01220 Pays d&#8217;origine \u200f : \u200e Espagne Service \u200f : \u200e Femme Tonique facial formul\u00e9 sans alcool pour \u00e9viter les [&hellip;]<\/p>\n","protected":false},"featured_media":15316,"comment_status":"open","ping_status":"closed","template":"","meta":{"_gspb_post_css":""},"store":[],"product_brand":[],"product_cat":[35],"product_tag":[16],"class_list":{"0":"post-15315","1":"product","2":"type-product","3":"status-publish","4":"has-post-thumbnail","6":"product_cat-facial-toners","7":"product_tag-makeup","9":"first","10":"instock","11":"shipping-taxable","12":"product-type-external"},"_links":{"self":[{"href":"https:\/\/beauteexclusive.com\/index.php?rest_route=\/wp\/v2\/product\/15315","targetHints":{"allow":["GET"]}}],"collection":[{"href":"https:\/\/beauteexclusive.com\/index.php?rest_route=\/wp\/v2\/product"}],"about":[{"href":"https:\/\/beauteexclusive.com\/index.php?rest_route=\/wp\/v2\/types\/product"}],"replies":[{"embeddable":true,"href":"https:\/\/beauteexclusive.com\/index.php?rest_route=%2Fwp%2Fv2%2Fcomments&post=15315"}],"wp:featuredmedia":[{"embeddable":true,"href":"https:\/\/beauteexclusive.com\/index.php?rest_route=\/wp\/v2\/media\/15316"}],"wp:attachment":[{"href":"https:\/\/beauteexclusive.com\/index.php?rest_route=%2Fwp%2Fv2%2Fmedia&parent=15315"}],"wp:term":[{"taxonomy":"store","embeddable":true,"href":"https:\/\/beauteexclusive.com\/index.php?rest_route=%2Fwp%2Fv2%2Fstore&post=15315"},{"taxonomy":"product_brand","embeddable":true,"href":"https:\/\/beauteexclusive.com\/index.php?rest_route=%2Fwp%2Fv2%2Fproduct_brand&post=15315"},{"taxonomy":"product_cat","embeddable":true,"href":"https:\/\/beauteexclusive.com\/index.php?rest_route=%2Fwp%2Fv2%2Fproduct_cat&post=15315"},{"taxonomy":"product_tag","embeddable":true,"href":"https:\/\/beauteexclusive.com\/index.php?rest_route=%2Fwp%2Fv2%2Fproduct_tag&post=15315"}],"curies":[{"name":"wp","href":"https:\/\/api.w.org\/{rel}","templated":true}]}}