{"id":15455,"date":"2025-02-14T19:36:45","date_gmt":"2025-02-14T19:36:45","guid":{"rendered":"https:\/\/beauteexclusive.com\/?product=lanvin-eclat-darpege-eau-de-parfum-pour-femmes-50-ml"},"modified":"2025-02-14T19:36:45","modified_gmt":"2025-02-14T19:36:45","slug":"lanvin-eclat-darpege-eau-de-parfum-pour-femmes-50-ml","status":"publish","type":"product","link":"https:\/\/beauteexclusive.com\/?product=lanvin-eclat-darpege-eau-de-parfum-pour-femmes-50-ml","title":{"rendered":"Lanvin Eclat d&#8217;Arp\u00e8ge Eau de Parfum pour Femmes 50 ml"},"content":{"rendered":"<p><br \/>\nValue: <span style=\"color:#b12704\"><del>48,89\u20ac<\/del> - 44,81\u20ac<\/span><br \/><i><small>(as of Feb 14, 2025 19:36:45 UTC &#8211; <span class=\"wp_automatic_amazon_disclaimer\" title=\"Product prices and availability are accurate as of the date\/time indicated and are subject to change. Any price and availability information displayed on [relevant Amazon Site(s), as applicable] at the time of purchase will apply to the purchase of this product.\">Particulars<\/span>)<\/small><\/i><\/p>\n<p><a href=\"https:\/\/amazon.fr\/dp\/B007W9X2MU?tag=topdeals0945-21\"><img decoding=\"async\" src=\"https:\/\/valvepress.s3.amazonaws.com\/imgs\/buy_now.png\"><\/a><br \/>\n<br \/>\n <span>Lanvin Eclat d&#8217;Arp\u00e8ge Eau de Parfum pour Femmes 50 ml<\/span>  <br \/> Manufacturing interrompue par le fabricant                                    \u200f                                         :                                    \u200e                                 Non <br \/> Dimensions du produit (L x l x h)                                    \u200f                                         :                                    \u200e                                 7,11 x 7,11 x 10,19 cm; 50 grammes <br \/> Fabricant                                    \u200f                                         :                                    \u200e                                 Lanvin <br \/> ASIN                                    \u200f                                         :                                    \u200e                                 B007W9X2MU <br \/> Num\u00e9ro du mod\u00e8le de l&#8217;article                                    \u200f                                         :                                    \u200e                                 JLB30602 <br \/> Pays d&#8217;origine                                    \u200f                                         :                                    \u200e                                 Chine <br \/> Service                                    \u200f                                         :                                    \u200e                                 femme <\/p>\n<p>Contenu: 50ml<br \/>La observe de t\u00eate est caract\u00e9ris\u00e9e par la s\u00e9r\u00e9nit\u00e9 tendre et \u00e9pic\u00e9e des feuilles de lilas vertes et de citron sicilien.<br \/>La douceur satin\u00e9e de la glycine, la l\u00e9g\u00e8ret\u00e9 subtile des feuilles de th\u00e9 vert et la richesse des fleurs de p\u00eachers vous surprennent<\/p>\n\n","protected":false},"excerpt":{"rendered":"<p>Value: (as of &#8211; Particulars) Lanvin Eclat d&#8217;Arp\u00e8ge Eau de Parfum pour Femmes 50 ml Manufacturing interrompue par le fabricant \u200f : \u200e Non Dimensions du produit (L x l x h) \u200f : \u200e 7,11 x 7,11 x 10,19 cm; 50 grammes Fabricant \u200f : \u200e Lanvin ASIN \u200f : \u200e B007W9X2MU Num\u00e9ro du [&hellip;]<\/p>\n","protected":false},"featured_media":15456,"comment_status":"open","ping_status":"closed","template":"","meta":{"_gspb_post_css":""},"store":[],"product_brand":[],"product_cat":[36],"product_tag":[16],"class_list":{"0":"post-15455","1":"product","2":"type-product","3":"status-publish","4":"has-post-thumbnail","6":"product_cat-womens-perfumes","7":"product_tag-makeup","9":"first","10":"instock","11":"sale","12":"shipping-taxable","13":"product-type-external"},"_links":{"self":[{"href":"https:\/\/beauteexclusive.com\/index.php?rest_route=\/wp\/v2\/product\/15455","targetHints":{"allow":["GET"]}}],"collection":[{"href":"https:\/\/beauteexclusive.com\/index.php?rest_route=\/wp\/v2\/product"}],"about":[{"href":"https:\/\/beauteexclusive.com\/index.php?rest_route=\/wp\/v2\/types\/product"}],"replies":[{"embeddable":true,"href":"https:\/\/beauteexclusive.com\/index.php?rest_route=%2Fwp%2Fv2%2Fcomments&post=15455"}],"wp:featuredmedia":[{"embeddable":true,"href":"https:\/\/beauteexclusive.com\/index.php?rest_route=\/wp\/v2\/media\/15456"}],"wp:attachment":[{"href":"https:\/\/beauteexclusive.com\/index.php?rest_route=%2Fwp%2Fv2%2Fmedia&parent=15455"}],"wp:term":[{"taxonomy":"store","embeddable":true,"href":"https:\/\/beauteexclusive.com\/index.php?rest_route=%2Fwp%2Fv2%2Fstore&post=15455"},{"taxonomy":"product_brand","embeddable":true,"href":"https:\/\/beauteexclusive.com\/index.php?rest_route=%2Fwp%2Fv2%2Fproduct_brand&post=15455"},{"taxonomy":"product_cat","embeddable":true,"href":"https:\/\/beauteexclusive.com\/index.php?rest_route=%2Fwp%2Fv2%2Fproduct_cat&post=15455"},{"taxonomy":"product_tag","embeddable":true,"href":"https:\/\/beauteexclusive.com\/index.php?rest_route=%2Fwp%2Fv2%2Fproduct_tag&post=15455"}],"curies":[{"name":"wp","href":"https:\/\/api.w.org\/{rel}","templated":true}]}}