{"id":15697,"date":"2025-02-16T18:21:50","date_gmt":"2025-02-16T18:21:50","guid":{"rendered":"https:\/\/beauteexclusive.com\/?product=catrice-base-de-teint-tensational-10-in-1-dream-primer"},"modified":"2025-02-16T18:21:51","modified_gmt":"2025-02-16T18:21:51","slug":"catrice-base-de-teint-tensational-10-in-1-dream-primer","status":"publish","type":"product","link":"https:\/\/beauteexclusive.com\/?product=catrice-base-de-teint-tensational-10-in-1-dream-primer","title":{"rendered":"Catrice &#8211; Base de Teint Ten!sational 10 in 1 Dream Primer"},"content":{"rendered":"<p><br \/>\nValue: <span style=\"color:#b12704\">6,99\u20ac<\/span><br \/><i><small>(as of Feb 16, 2025 18:21:50 UTC &#8211; <span class=\"wp_automatic_amazon_disclaimer\" title=\"Product prices and availability are accurate as of the date\/time indicated and are subject to change. Any price and availability information displayed on [relevant Amazon Site(s), as applicable] at the time of purchase will apply to the purchase of this product.\">Particulars<\/span>)<\/small><\/i><\/p>\n<p><a href=\"https:\/\/amazon.fr\/dp\/B07W4X2FR1?tag=topdeals0945-21\"><img decoding=\"async\" src=\"https:\/\/valvepress.s3.amazonaws.com\/imgs\/buy_now.png\"><\/a><br \/>\n<br \/>\n <span>Catr. Ten!Sational 10En1 Dream Primer<\/span>  <br \/> Pile(s) \/ Batterie(s) :                                    \u200f                                         :                                    \u200e                                 1 A n\u00e9cessite des piles. <br \/> Dimensions du produit (L x l x h)                                    \u200f                                         :                                    \u200e                                 10 x 11 x 12 cm; 40 grammes <br \/> Fabricant                                    \u200f                                         :                                    \u200e                                 Catrice <br \/> ASIN                                    \u200f                                         :                                    \u200e                                 B07W4X2FR1 <br \/> Num\u00e9ro du mod\u00e8le de l&#8217;article                                    \u200f                                         :                                    \u200e                                 1528-22978 <br \/> Pays d&#8217;origine                                    \u200f                                         :                                    \u200e                                 Allemagne <\/p>\n<p>D\u00e9couvrez la Base de Teint Ten!sational 10 in 1 Dream Primer de Catrice, une formule tout-en-un offrant 10 bienfaits pour sublimer votre teint. Cette base de teint exceptionnelle est non seulement sans gluten, sans paraben, mais aussi vegan. Pr\u00e9parez-vous \u00e0 une exp\u00e9rience de maquillage optimale avec cette base qui guarantee un teint parfait tout en respectant vos pr\u00e9f\u00e9rences \u00e9thiques et de sant\u00e9. Offrez \u00e0 votre peau le soin qu&#8217;elle m\u00e9rite, tout en cr\u00e9ant une base id\u00e9ale pour un maquillage impeccabl<\/p>\n\n","protected":false},"excerpt":{"rendered":"<p>Value: (as of &#8211; Particulars) Catr. Ten!Sational 10En1 Dream Primer Pile(s) \/ Batterie(s) : \u200f : \u200e 1 A n\u00e9cessite des piles. Dimensions du produit (L x l x h) \u200f : \u200e 10 x 11 x 12 cm; 40 grammes Fabricant \u200f : \u200e Catrice ASIN \u200f : \u200e B07W4X2FR1 Num\u00e9ro du mod\u00e8le de [&hellip;]<\/p>\n","protected":false},"featured_media":15698,"comment_status":"open","ping_status":"closed","template":"","meta":{"_gspb_post_css":""},"store":[],"product_brand":[],"product_cat":[15],"product_tag":[16],"class_list":{"0":"post-15697","1":"product","2":"type-product","3":"status-publish","4":"has-post-thumbnail","6":"product_cat-makeup","7":"product_tag-makeup","9":"first","10":"instock","11":"shipping-taxable","12":"product-type-external"},"_links":{"self":[{"href":"https:\/\/beauteexclusive.com\/index.php?rest_route=\/wp\/v2\/product\/15697","targetHints":{"allow":["GET"]}}],"collection":[{"href":"https:\/\/beauteexclusive.com\/index.php?rest_route=\/wp\/v2\/product"}],"about":[{"href":"https:\/\/beauteexclusive.com\/index.php?rest_route=\/wp\/v2\/types\/product"}],"replies":[{"embeddable":true,"href":"https:\/\/beauteexclusive.com\/index.php?rest_route=%2Fwp%2Fv2%2Fcomments&post=15697"}],"wp:featuredmedia":[{"embeddable":true,"href":"https:\/\/beauteexclusive.com\/index.php?rest_route=\/wp\/v2\/media\/15698"}],"wp:attachment":[{"href":"https:\/\/beauteexclusive.com\/index.php?rest_route=%2Fwp%2Fv2%2Fmedia&parent=15697"}],"wp:term":[{"taxonomy":"store","embeddable":true,"href":"https:\/\/beauteexclusive.com\/index.php?rest_route=%2Fwp%2Fv2%2Fstore&post=15697"},{"taxonomy":"product_brand","embeddable":true,"href":"https:\/\/beauteexclusive.com\/index.php?rest_route=%2Fwp%2Fv2%2Fproduct_brand&post=15697"},{"taxonomy":"product_cat","embeddable":true,"href":"https:\/\/beauteexclusive.com\/index.php?rest_route=%2Fwp%2Fv2%2Fproduct_cat&post=15697"},{"taxonomy":"product_tag","embeddable":true,"href":"https:\/\/beauteexclusive.com\/index.php?rest_route=%2Fwp%2Fv2%2Fproduct_tag&post=15697"}],"curies":[{"name":"wp","href":"https:\/\/api.w.org\/{rel}","templated":true}]}}