{"id":15850,"date":"2025-02-17T16:58:18","date_gmt":"2025-02-17T16:58:18","guid":{"rendered":"https:\/\/beauteexclusive.com\/?product=makeup-revolution-baume-vitamine-super-base-primer-hydratant-25ml"},"modified":"2025-02-17T16:58:18","modified_gmt":"2025-02-17T16:58:18","slug":"make-up-revolution-baume-vitamine-tremendous-base-primer-hydratant-25ml","status":"publish","type":"product","link":"https:\/\/beauteexclusive.com\/?product=make-up-revolution-baume-vitamine-tremendous-base-primer-hydratant-25ml","title":{"rendered":"Make-up Revolution, Baume Vitamin\u00e9 Tremendous Base, Primer Hydratant, 25ml"},"content":{"rendered":"<p><br \/>\nValue: <span style=\"color:#b12704\">10,99\u20ac<\/span><br \/><i><small>(as of Feb 17, 2025 16:58:18 UTC &#8211; <span class=\"wp_automatic_amazon_disclaimer\" title=\"Product prices and availability are accurate as of the date\/time indicated and are subject to change. Any price and availability information displayed on [relevant Amazon Site(s), as applicable] at the time of purchase will apply to the purchase of this product.\">Particulars<\/span>)<\/small><\/i><\/p>\n<p><a href=\"https:\/\/amazon.fr\/dp\/B0BQWTQGQQ?tag=topdeals0945-21\"><img decoding=\"async\" src=\"https:\/\/valvepress.s3.amazonaws.com\/imgs\/buy_now.png\"><\/a><br \/>\n<br \/>\n <span>Dites bonjour \u00e0 votre nouvel primer hydratant de pr\u00e9dilection ! Il s&#8217;agit de la base ultime pour pr\u00e9parer votre peau au maquillage, avec tout le confort d&#8217;une cr\u00e8me hydratante et les avantages d&#8217;un appr\u00eat. Gorg\u00e9 de vitamines nourrissantes pour la peau, notamment de vitamines B, C et E, de beurre de karit\u00e9 et d&#8217;acide hyaluronique, ce primer agit tout au lengthy de la journ\u00e9e pour hydrater et nourrir votre peau.\u00a0La formule est compl\u00e8tement translucide et peut \u00eatre utilis\u00e9e seule dans le cadre de votre routine de soins ou appliqu\u00e9e avant le fond de teint pour pr\u00e9parer et repulper la peau.<\/span>  <br \/> Dimensions du produit (L x l x h)                                    \u200f                                         :                                    \u200e                                 5,9 x 5,9 x 3,9 cm; 25 grammes <br \/> Fabricant                                    \u200f                                         :                                    \u200e                                 Make-up Revolution <br \/> ASIN                                    \u200f                                         :                                    \u200e                                 B0BQWTQGQQ <br \/> Num\u00e9ro du mod\u00e8le de l&#8217;article                                    \u200f                                         :                                    \u200e                                 1674935 <br \/> Pays d&#8217;origine                                    \u200f                                         :                                    \u200e                                 Ta\u00efwan <\/p>\n<p>PRIMAIRE HYDRATANT POUR LE VISAGE : il s&#8217;agit de la base ultime pour pr\u00e9parer votre peau au maquillage, avec tout le confort d&#8217;un hydratant et les avantages d&#8217;un primer.<br \/>FORMULE TRANSLUCENTE : Ce primer peut \u00eatre utilis\u00e9 sur tous les tons et varieties de peau, et a \u00e9t\u00e9 formul\u00e9 pour \u00eatre compl\u00e8tement translucide.<br \/>VITAMINES NOURRISSANTES : rempli de vitamines nourrissantes pour la peau, notamment de vitamines B, C et E, de beurre de karit\u00e9 et d&#8217;acide hyaluronique, ce fond de teint agit tout au lengthy de la journ\u00e9e pour hydrater et nourrir votre peau.<br \/>PR\u00c9PARER ET REPulper la peau : utilisez-le seul dans le cadre de votre routine de soins ou avant le fond de teint pour pr\u00e9parer et repulper la peau.<br \/>V\u00c9GANE &#038; SANS CRUTELIT\u00c9 : Ce produit ne contient aucun ingr\u00e9dient d&#8217;origine animale et a \u00e9t\u00e9 approuv\u00e9 par la PETA comme \u00e9tant exempt de checks sur les animaux.<\/p>\n\n","protected":false},"excerpt":{"rendered":"<p>Value: (as of &#8211; Particulars) Dites bonjour \u00e0 votre nouvel primer hydratant de pr\u00e9dilection ! Il s&#8217;agit de la base ultime pour pr\u00e9parer votre peau au maquillage, avec tout le confort d&#8217;une cr\u00e8me hydratante et les avantages d&#8217;un appr\u00eat. Gorg\u00e9 de vitamines nourrissantes pour la peau, notamment de vitamines B, C et E, de beurre [&hellip;]<\/p>\n","protected":false},"featured_media":15851,"comment_status":"open","ping_status":"closed","template":"","meta":{"_gspb_post_css":""},"store":[],"product_brand":[],"product_cat":[15],"product_tag":[16],"class_list":{"0":"post-15850","1":"product","2":"type-product","3":"status-publish","4":"has-post-thumbnail","6":"product_cat-makeup","7":"product_tag-makeup","9":"first","10":"instock","11":"shipping-taxable","12":"product-type-external"},"_links":{"self":[{"href":"https:\/\/beauteexclusive.com\/index.php?rest_route=\/wp\/v2\/product\/15850","targetHints":{"allow":["GET"]}}],"collection":[{"href":"https:\/\/beauteexclusive.com\/index.php?rest_route=\/wp\/v2\/product"}],"about":[{"href":"https:\/\/beauteexclusive.com\/index.php?rest_route=\/wp\/v2\/types\/product"}],"replies":[{"embeddable":true,"href":"https:\/\/beauteexclusive.com\/index.php?rest_route=%2Fwp%2Fv2%2Fcomments&post=15850"}],"wp:featuredmedia":[{"embeddable":true,"href":"https:\/\/beauteexclusive.com\/index.php?rest_route=\/wp\/v2\/media\/15851"}],"wp:attachment":[{"href":"https:\/\/beauteexclusive.com\/index.php?rest_route=%2Fwp%2Fv2%2Fmedia&parent=15850"}],"wp:term":[{"taxonomy":"store","embeddable":true,"href":"https:\/\/beauteexclusive.com\/index.php?rest_route=%2Fwp%2Fv2%2Fstore&post=15850"},{"taxonomy":"product_brand","embeddable":true,"href":"https:\/\/beauteexclusive.com\/index.php?rest_route=%2Fwp%2Fv2%2Fproduct_brand&post=15850"},{"taxonomy":"product_cat","embeddable":true,"href":"https:\/\/beauteexclusive.com\/index.php?rest_route=%2Fwp%2Fv2%2Fproduct_cat&post=15850"},{"taxonomy":"product_tag","embeddable":true,"href":"https:\/\/beauteexclusive.com\/index.php?rest_route=%2Fwp%2Fv2%2Fproduct_tag&post=15850"}],"curies":[{"name":"wp","href":"https:\/\/api.w.org\/{rel}","templated":true}]}}