{"id":16119,"date":"2025-02-19T17:29:25","date_gmt":"2025-02-19T17:29:25","guid":{"rendered":"https:\/\/beauteexclusive.com\/?product=dove-beurre-corporel-nourrissant-pro-age-250-ml"},"modified":"2025-02-19T17:29:25","modified_gmt":"2025-02-19T17:29:25","slug":"dove-beurre-corporel-nourrissant-professional-age-250-ml","status":"publish","type":"product","link":"https:\/\/beauteexclusive.com\/?product=dove-beurre-corporel-nourrissant-professional-age-250-ml","title":{"rendered":"Dove Beurre corporel nourrissant Professional Age (250 ml)"},"content":{"rendered":"<p><br \/>\nValue: <span style=\"color:#b12704\">16,55\u20ac<\/span><br \/><i><small>(as of Feb 19, 2025 17:29:25 UTC &#8211; <span class=\"wp_automatic_amazon_disclaimer\" title=\"Product prices and availability are accurate as of the date\/time indicated and are subject to change. Any price and availability information displayed on [relevant Amazon Site(s), as applicable] at the time of purchase will apply to the purchase of this product.\">Particulars<\/span>)<\/small><\/i><\/p>\n<p><a href=\"https:\/\/amazon.fr\/dp\/B07TVF92KV?tag=topdeals0945-21\"><img decoding=\"async\" src=\"https:\/\/valvepress.s3.amazonaws.com\/imgs\/buy_now.png\"><\/a><br \/>\n<br \/>\n <span>Dove Le beurre corporel nourrissant Professional Age mix des ingr\u00e9dients hydratants riches et de l&#8217;huile d&#8217;olive dans un beurre corporel cr\u00e9meux pour vous donner une peau souple et lisse. Le beurre corporel nourrissant Dove Professional Age mix les nutriments naturels de la peau et l&#8217;huile d&#8217;olive dans une formule cr\u00e9meuse pour nourrir en profondeur* votre peau tout en laissant une sensation grasse. Ce beurre corporel riche nourrit votre peau et la laisse magnifiquement souple et lisse toute la journ\u00e9e. Parce que la beaut\u00e9 n&#8217;a pas de limite d&#8217;\u00e2ge. Enrichie en nutriduo, notre complexe hydratant distinctive \u00e0 double motion, la formule mix les nutriments naturels de la peau et les bienfaits des huiles essentielles pour nourrir les couches profondes de la peau, tout en emp\u00eachant la perte d&#8217;humidit\u00e9 de la floor. Le beurre corporel Dove Nourishing Physique Care Professional Age laisse la peau intens\u00e9ment hydrat\u00e9e pendant 24 heures. Avec une utilisation r\u00e9guli\u00e8re, la qualit\u00e9 de la peau s&#8217;am\u00e9liore progressivement, la laissant rayonnante \u00e0 l&#8217;ext\u00e9rieur et nourrie sous la floor*. Cette formule efficace fonctionne instantan\u00e9ment en combinaison avec la riche vitamin de Dove pour am\u00e9liorer l&#8217;apparence des taches sombres et acc\u00e9l\u00e9rer le renouvellement cellulaire afin que la peau mature puisse se restaurer. C&#8217;est une dose quotidienne de soin renouvelant pour les peaux matures. Le r\u00e9sultat ? Une peau magnifiquement radieuse, uniforme, souple et lisse. Dans la couche corn\u00e9e.<\/span>  <br \/> Manufacturing interrompue par le fabricant                                    \u200f                                         :                                    \u200e                                 Non <br \/> Dimensions du produit (L x l x h)                                    \u200f                                         :                                    \u200e                                 98 x 98 x 5,1 cm; 0,24 grammes <br \/> Fabricant                                    \u200f                                         :                                    \u200e                                 Grocery <br \/> ASIN                                    \u200f                                         :                                    \u200e                                 B07TVF92KV <br \/> Num\u00e9ro du mod\u00e8le de l&#8217;article                                    \u200f                                         :                                    \u200e                                 8710522415719 <\/p>\n<p>Beurre corporel nourrissant Dove Professional Age (250 ml)<br \/>Sort de produit : SKIN_MOISTURIZER<br \/>Marque: Dove<\/p>\n\n","protected":false},"excerpt":{"rendered":"<p>Value: (as of &#8211; Particulars) Dove Le beurre corporel nourrissant Professional Age mix des ingr\u00e9dients hydratants riches et de l&#8217;huile d&#8217;olive dans un beurre corporel cr\u00e9meux pour vous donner une peau souple et lisse. Le beurre corporel nourrissant Dove Professional Age mix les nutriments naturels de la peau et l&#8217;huile d&#8217;olive dans une formule cr\u00e9meuse [&hellip;]<\/p>\n","protected":false},"featured_media":16120,"comment_status":"open","ping_status":"closed","template":"","meta":{"_gspb_post_css":""},"store":[],"product_brand":[],"product_cat":[20],"product_tag":[16],"class_list":{"0":"post-16119","1":"product","2":"type-product","3":"status-publish","4":"has-post-thumbnail","6":"product_cat-body-butters","7":"product_tag-makeup","9":"first","10":"instock","11":"shipping-taxable","12":"product-type-external"},"_links":{"self":[{"href":"https:\/\/beauteexclusive.com\/index.php?rest_route=\/wp\/v2\/product\/16119","targetHints":{"allow":["GET"]}}],"collection":[{"href":"https:\/\/beauteexclusive.com\/index.php?rest_route=\/wp\/v2\/product"}],"about":[{"href":"https:\/\/beauteexclusive.com\/index.php?rest_route=\/wp\/v2\/types\/product"}],"replies":[{"embeddable":true,"href":"https:\/\/beauteexclusive.com\/index.php?rest_route=%2Fwp%2Fv2%2Fcomments&post=16119"}],"wp:featuredmedia":[{"embeddable":true,"href":"https:\/\/beauteexclusive.com\/index.php?rest_route=\/wp\/v2\/media\/16120"}],"wp:attachment":[{"href":"https:\/\/beauteexclusive.com\/index.php?rest_route=%2Fwp%2Fv2%2Fmedia&parent=16119"}],"wp:term":[{"taxonomy":"store","embeddable":true,"href":"https:\/\/beauteexclusive.com\/index.php?rest_route=%2Fwp%2Fv2%2Fstore&post=16119"},{"taxonomy":"product_brand","embeddable":true,"href":"https:\/\/beauteexclusive.com\/index.php?rest_route=%2Fwp%2Fv2%2Fproduct_brand&post=16119"},{"taxonomy":"product_cat","embeddable":true,"href":"https:\/\/beauteexclusive.com\/index.php?rest_route=%2Fwp%2Fv2%2Fproduct_cat&post=16119"},{"taxonomy":"product_tag","embeddable":true,"href":"https:\/\/beauteexclusive.com\/index.php?rest_route=%2Fwp%2Fv2%2Fproduct_tag&post=16119"}],"curies":[{"name":"wp","href":"https:\/\/api.w.org\/{rel}","templated":true}]}}