{"id":16147,"date":"2025-02-19T17:54:26","date_gmt":"2025-02-19T17:54:26","guid":{"rendered":"https:\/\/beauteexclusive.com\/?product=beurre-corporel-aux-fruits-bio-fermentes-100-ml"},"modified":"2025-02-19T17:54:26","modified_gmt":"2025-02-19T17:54:26","slug":"beurre-corporel-aux-fruits-bio-fermentes-100-ml","status":"publish","type":"product","link":"https:\/\/beauteexclusive.com\/?product=beurre-corporel-aux-fruits-bio-fermentes-100-ml","title":{"rendered":"Beurre Corporel aux Fruits Bio Ferment\u00e9s 100 ml"},"content":{"rendered":"<p><br \/>\nWorth: <span style=\"color:#b12704\">29,75\u20ac<\/span><br \/><i><small>(as of Feb 19, 2025 17:54:26 UTC &#8211; <span class=\"wp_automatic_amazon_disclaimer\" title=\"Product prices and availability are accurate as of the date\/time indicated and are subject to change. Any price and availability information displayed on [relevant Amazon Site(s), as applicable] at the time of purchase will apply to the purchase of this product.\">Particulars<\/span>)<\/small><\/i><\/p>\n<p><a href=\"https:\/\/amazon.fr\/dp\/B0BLZGB95L?tag=topdeals0945-21\"><img decoding=\"async\" src=\"https:\/\/valvepress.s3.amazonaws.com\/imgs\/buy_now.png\"><\/a><br \/>\n<br \/>\n <span>Notre Beurre Corporel aux Fruits Bio Ferment\u00e9s est ultra-riche &#038; hydratant Notre peau est vivante et elle a besoin d\u2019\u00eatre nourrie. Le beurre corporel aux fruits bio ferment\u00e9s est un soin complet pour la peau. Il nourrit, hydrate et prot\u00e8ge la peau du dess\u00e8chement. Il laisse une sensation de douceur et de sati\u00e9t\u00e9 sur la peau. Le beurre corporel hydratant ultime pour les peaux s\u00e8ches, squameuses et sensibles est un produit de soin corporel riche en ingr\u00e9dients nourrissants et hydratants. Il est sp\u00e9cialement formul\u00e9 pour aider les peaux s\u00e8ches et squameuses \u00e0 retrouver leur souplesse et \u00e0 am\u00e9liorer leur texture. Un beurre hydratant corporel ultime pour les peaux s\u00e8ches, squameuses et sensibles La base apaisante d&#8217;extrait d&#8217;aloe vera biologique \u00e0 la place de l&#8217;eau hydrate et rafra\u00eechit la peau instantan\u00e9ment. L&#8217;aloe vera est une plante d&#8217;int\u00e9rieur, tr\u00e8s connue pour ses nombreux bienfaits sur la sant\u00e9 et notamment sur la peau. Notre baume corporel est un subtil m\u00e9lange d&#8217;huiles biologiques et de beurres v\u00e9g\u00e9taliens qui nourrissent en profondeur l&#8217;\u00e9piderme. Les cires d&#8217;origine v\u00e9g\u00e9tale laissent votre peau douce et soyeuse et dites adieu gr\u00e2ce \u00e0 notre beurre corporel au fini huileux ou collant.<\/span>  <br \/> Fabricant                                    \u200f                                         :                                    \u200e                                 Whamisa <br \/> ASIN                                    \u200f                                         :                                    \u200e                                 B0BLZGB95L <br \/> R\u00e9f\u00e9rence constructeur                                    \u200f                                         :                                    \u200e                                 WHA90 <\/p>\n<p>Beurre corporel \/ Hydratant \/ Nourrissant \/ Naturel<\/p>\n\n","protected":false},"excerpt":{"rendered":"<p>Worth: (as of &#8211; Particulars) Notre Beurre Corporel aux Fruits Bio Ferment\u00e9s est ultra-riche &#038; hydratant Notre peau est vivante et elle a besoin d\u2019\u00eatre nourrie. Le beurre corporel aux fruits bio ferment\u00e9s est un soin complet pour la peau. Il nourrit, hydrate et prot\u00e8ge la peau du dess\u00e8chement. Il laisse une sensation de douceur [&hellip;]<\/p>\n","protected":false},"featured_media":16148,"comment_status":"open","ping_status":"closed","template":"","meta":{"_gspb_post_css":""},"store":[],"product_brand":[],"product_cat":[20],"product_tag":[16],"class_list":{"0":"post-16147","1":"product","2":"type-product","3":"status-publish","4":"has-post-thumbnail","6":"product_cat-body-butters","7":"product_tag-makeup","9":"first","10":"instock","11":"shipping-taxable","12":"product-type-external"},"_links":{"self":[{"href":"https:\/\/beauteexclusive.com\/index.php?rest_route=\/wp\/v2\/product\/16147","targetHints":{"allow":["GET"]}}],"collection":[{"href":"https:\/\/beauteexclusive.com\/index.php?rest_route=\/wp\/v2\/product"}],"about":[{"href":"https:\/\/beauteexclusive.com\/index.php?rest_route=\/wp\/v2\/types\/product"}],"replies":[{"embeddable":true,"href":"https:\/\/beauteexclusive.com\/index.php?rest_route=%2Fwp%2Fv2%2Fcomments&post=16147"}],"wp:featuredmedia":[{"embeddable":true,"href":"https:\/\/beauteexclusive.com\/index.php?rest_route=\/wp\/v2\/media\/16148"}],"wp:attachment":[{"href":"https:\/\/beauteexclusive.com\/index.php?rest_route=%2Fwp%2Fv2%2Fmedia&parent=16147"}],"wp:term":[{"taxonomy":"store","embeddable":true,"href":"https:\/\/beauteexclusive.com\/index.php?rest_route=%2Fwp%2Fv2%2Fstore&post=16147"},{"taxonomy":"product_brand","embeddable":true,"href":"https:\/\/beauteexclusive.com\/index.php?rest_route=%2Fwp%2Fv2%2Fproduct_brand&post=16147"},{"taxonomy":"product_cat","embeddable":true,"href":"https:\/\/beauteexclusive.com\/index.php?rest_route=%2Fwp%2Fv2%2Fproduct_cat&post=16147"},{"taxonomy":"product_tag","embeddable":true,"href":"https:\/\/beauteexclusive.com\/index.php?rest_route=%2Fwp%2Fv2%2Fproduct_tag&post=16147"}],"curies":[{"name":"wp","href":"https:\/\/api.w.org\/{rel}","templated":true}]}}