{"id":16289,"date":"2025-02-20T16:56:32","date_gmt":"2025-02-20T16:56:32","guid":{"rendered":"https:\/\/www.beauteexclusive.com\/?product=rimmel-london-lasting-finish-primer-clair-matte-30-ml"},"modified":"2025-02-20T16:56:32","modified_gmt":"2025-02-20T16:56:32","slug":"rimmel-london-lasting-end-primer-clair-matte-30-ml","status":"publish","type":"product","link":"https:\/\/beauteexclusive.com\/?product=rimmel-london-lasting-end-primer-clair-matte-30-ml","title":{"rendered":"RIMMEL LONDON Lasting End Primer &#8211; Clair Matte, 30 ml"},"content":{"rendered":"<p><br \/>\nValue: <span style=\"color:#b12704\">9,90\u20ac<\/span><br \/><i><small>(as of Feb 20, 2025 16:56:32 UTC &#8211; <span class=\"wp_automatic_amazon_disclaimer\" title=\"Product prices and availability are accurate as of the date\/time indicated and are subject to change. Any price and availability information displayed on [relevant Amazon Site(s), as applicable] at the time of purchase will apply to the purchase of this product.\">Particulars<\/span>)<\/small><\/i><\/p>\n<p><a href=\"https:\/\/amazon.fr\/dp\/B00Q26XMEW?tag=topdeals0945-21\"><img decoding=\"async\" src=\"https:\/\/valvepress.s3.amazonaws.com\/imgs\/buy_now.png\"><\/a><br \/>\n<br \/>\n <span>Vivez le look londonien! Ainsi, vous pouvez faire exactement cela, de Rimmel London, voici le Primer End de Rimmel London! Il poss\u00e8de non seulement des propri\u00e9t\u00e9s raffermissantes pour la peau, mais \u00e9galement une formule longue dur\u00e9e qui prolonge l\u2019usure du fond de teint jusqu\u2019\u00e0 8 heures. Que vous travailliez, que vous magasiniez, assistiez \u00e0 une event sp\u00e9ciale ou que vous sortiez avec les filles, cet article aidera \u00e0 minimiser les d\u00e9fauts et \u00e0 vous pr\u00e9parer \u00e0 tout. Cette formule extremely l\u00e9g\u00e8re aide \u00e0 hydrater la peau tout en offrant un confort sans fin. L&#8217;appr\u00eat de finition sturdy peut \u00eatre port\u00e9 seul, sous ou sur le maquillage pour prolonger l&#8217;usure. Rimmel est la marque de maquillage num\u00e9ro 1 au Royaume-Uni et le visage du fashion londonien. Nous vivons pour l\u2019\u00e9meute de couleurs dans les rues, pour les golf equipment anim\u00e9s et les bars cach\u00e9s. Nous d\u00e9vorons la musique et l&#8217;\u00e9nergie et revenons pour plus. Rimmel croit en la mode sans r\u00e8gles et valorise chaque interpr\u00e9tation individuelle de la beaut\u00e9. La vaste gamme de seems chauds et de prix int\u00e9ressants de Rimmel est maintenue \u00e0 la minute pr\u00e8s, automobile elle traduit l\u2019apparence de Londres en de nouvelles teintes, produits, emballages et publicit\u00e9s. Malgr\u00e9 leur cr\u00e9ativit\u00e9 et leur caract\u00e8re avant-gardiste, les produits Rimmel sont toujours faciles \u00e0 utiliser, polyvalents et accessibles, con\u00e7us pour encourager l\u2019exp\u00e9rimentation et l\u2019expression de soi. Vivez le look londonien!<\/span>  <br \/> Manufacturing interrompue par le fabricant                                    \u200f                                     :                                    \u200e                                    Non   <br \/> Dimensions du produit (L x l x h)                                    \u200f                                     :                                    \u200e                                    4,6 x 3 x 10,9 cm; 45,36 grammes   <br \/> ASIN                                    \u200f                                     :                                    \u200e                                    B00Q26XMEW   <br \/> Num\u00e9ro du mod\u00e8le de l&#8217;article                                    \u200f                                     :                                    \u200e                                    34666448004   <\/p>\n<p>Profitez d&#8217;une exp\u00e9rience sturdy la fondation dure jusqu&#8217;\u00e0 8 heures<br \/>Aide \u00e0 minimiser les d\u00e9fauts; r\u00e9tr\u00e9cit les pores et uniformise le teint<br \/>La formule Day-Proof procure un effet sturdy qui vous permet de profiter d&#8217;un maquillage \u00e9clatant par tous les temps<br \/>Toucher mat sans effet de s\u00e9chage excessif; garde votre peau hydrat\u00e9e<br \/>Fournit un confort sans fin sur la peau avec une formule extremely l\u00e9g\u00e8re<\/p>\n\n","protected":false},"excerpt":{"rendered":"<p>Value: (as of &#8211; Particulars) Vivez le look londonien! Ainsi, vous pouvez faire exactement cela, de Rimmel London, voici le Primer End de Rimmel London! Il poss\u00e8de non seulement des propri\u00e9t\u00e9s raffermissantes pour la peau, mais \u00e9galement une formule longue dur\u00e9e qui prolonge l\u2019usure du fond de teint jusqu\u2019\u00e0 8 heures. Que vous travailliez, que [&hellip;]<\/p>\n","protected":false},"featured_media":16290,"comment_status":"open","ping_status":"closed","template":"","meta":{"_gspb_post_css":""},"store":[],"product_brand":[],"product_cat":[15],"product_tag":[16],"class_list":{"0":"post-16289","1":"product","2":"type-product","3":"status-publish","4":"has-post-thumbnail","6":"product_cat-makeup","7":"product_tag-makeup","9":"first","10":"instock","11":"shipping-taxable","12":"product-type-external"},"_links":{"self":[{"href":"https:\/\/beauteexclusive.com\/index.php?rest_route=\/wp\/v2\/product\/16289","targetHints":{"allow":["GET"]}}],"collection":[{"href":"https:\/\/beauteexclusive.com\/index.php?rest_route=\/wp\/v2\/product"}],"about":[{"href":"https:\/\/beauteexclusive.com\/index.php?rest_route=\/wp\/v2\/types\/product"}],"replies":[{"embeddable":true,"href":"https:\/\/beauteexclusive.com\/index.php?rest_route=%2Fwp%2Fv2%2Fcomments&post=16289"}],"wp:featuredmedia":[{"embeddable":true,"href":"https:\/\/beauteexclusive.com\/index.php?rest_route=\/wp\/v2\/media\/16290"}],"wp:attachment":[{"href":"https:\/\/beauteexclusive.com\/index.php?rest_route=%2Fwp%2Fv2%2Fmedia&parent=16289"}],"wp:term":[{"taxonomy":"store","embeddable":true,"href":"https:\/\/beauteexclusive.com\/index.php?rest_route=%2Fwp%2Fv2%2Fstore&post=16289"},{"taxonomy":"product_brand","embeddable":true,"href":"https:\/\/beauteexclusive.com\/index.php?rest_route=%2Fwp%2Fv2%2Fproduct_brand&post=16289"},{"taxonomy":"product_cat","embeddable":true,"href":"https:\/\/beauteexclusive.com\/index.php?rest_route=%2Fwp%2Fv2%2Fproduct_cat&post=16289"},{"taxonomy":"product_tag","embeddable":true,"href":"https:\/\/beauteexclusive.com\/index.php?rest_route=%2Fwp%2Fv2%2Fproduct_tag&post=16289"}],"curies":[{"name":"wp","href":"https:\/\/api.w.org\/{rel}","templated":true}]}}