{"id":16731,"date":"2025-02-27T22:22:11","date_gmt":"2025-02-27T22:22:11","guid":{"rendered":"https:\/\/www.beauteexclusive.com\/?product=revlon-ombre-a-paupieres-primer-pop-art-n535-28-g"},"modified":"2025-02-27T22:22:11","modified_gmt":"2025-02-27T22:22:11","slug":"revlon-ombre-a-paupieres-primer-pop-artwork-n535-28-g","status":"publish","type":"product","link":"https:\/\/beauteexclusive.com\/?product=revlon-ombre-a-paupieres-primer-pop-artwork-n535-28-g","title":{"rendered":"REVLON Ombre \u00e0 Paupi\u00e8res Primer Pop Artwork N\u00b0535 2,8 g"},"content":{"rendered":"<p><br \/>\nWorth: <span style=\"color:#b12704\"><del>15,10\u20ac<\/del> - 6,90\u20ac<\/span><br \/><i><small>(as of Feb 27, 2025 22:22:11 UTC &#8211; <span class=\"wp_automatic_amazon_disclaimer\" title=\"Product prices and availability are accurate as of the date\/time indicated and are subject to change. Any price and availability information displayed on [relevant Amazon Site(s), as applicable] at the time of purchase will apply to the purchase of this product.\">Particulars<\/span>)<\/small><\/i><\/p>\n<p><a href=\"https:\/\/amazon.fr\/dp\/B009QZIARU?tag=topdeals0945-21\"><img decoding=\"async\" src=\"https:\/\/valvepress.s3.amazonaws.com\/imgs\/buy_now.png\"><\/a><br \/>\n<br \/>\n <span>L&#8217;ombre \u00e0 paupi\u00e8res photoready primer prime n\u00b0535 pop artwork des laboratoires Revlon vous permet de magnifier votre regard gr\u00e2ce \u00e0 sa couleur intense..Cette\u00a0ombre \u00e0 paupi\u00e8res photoready primer prime n\u00b0535 pop artwork intensifie la profondeur du regard et procure une sensation de douceur gr\u00e2ce \u00e0 sa texture cr\u00e9meuse et son fini poudr\u00e9.Cette ombre \u00e0 paupi\u00e8res photoready primer prime n\u00b0535 pop artwork Revlon est tr\u00e8s facile d&#8217;utilisation et guarantee une tenue longue dur\u00e9e.<\/span>  <br \/> Manufacturing interrompue par le fabricant                                    \u200f                                     :                                    \u200e                                    Non   <br \/> Dimensions du produit (L x l x h)                                    \u200f                                     :                                    \u200e                                    5,72 x 1,27 x 9,53 cm; 40,82 grammes   <br \/> Fabricant                                    \u200f                                     :                                    \u200e                                    REVLON   <br \/> ASIN                                    \u200f                                     :                                    \u200e                                    B009QZIARU   <br \/> Num\u00e9ro du mod\u00e8le de l&#8217;article                                    \u200f                                     :                                    \u200e                                    7209880035   <br \/> Service                                    \u200f                                     :                                    \u200e                                    Femme   <\/p>\n<p>L&#8217;ombre \u00e0 paupi\u00e8res photoready primer prime n\u00b0535 pop artwork des laboratoires<br \/>Cette ombre \u00e0 paupi\u00e8res photoready primer prime n\u00b0535 pop artwork intensifie la profondeur du regard et procure une sensation de douceur gr\u00e2ce \u00e0 sa texture cr\u00e9meuse et son fini poudr\u00e9<br \/>Pour les femmes qui recherchent un seul produit qui leur permettra de cr\u00e9er une multitude de appears to be like<br \/>Contenant \u00e9galement un primer pour lisser la paupi\u00e8re et un prime coat pour un fini scintillant<\/p>\n\n","protected":false},"excerpt":{"rendered":"<p>Worth: (as of &#8211; Particulars) L&#8217;ombre \u00e0 paupi\u00e8res photoready primer prime n\u00b0535 pop artwork des laboratoires Revlon vous permet de magnifier votre regard gr\u00e2ce \u00e0 sa couleur intense..Cette\u00a0ombre \u00e0 paupi\u00e8res photoready primer prime n\u00b0535 pop artwork intensifie la profondeur du regard et procure une sensation de douceur gr\u00e2ce \u00e0 sa texture cr\u00e9meuse et son fini [&hellip;]<\/p>\n","protected":false},"featured_media":16732,"comment_status":"open","ping_status":"closed","template":"","meta":{"_gspb_post_css":""},"store":[],"product_brand":[],"product_cat":[15],"product_tag":[16],"class_list":{"0":"post-16731","1":"product","2":"type-product","3":"status-publish","4":"has-post-thumbnail","6":"product_cat-makeup","7":"product_tag-makeup","9":"first","10":"instock","11":"sale","12":"shipping-taxable","13":"product-type-external"},"_links":{"self":[{"href":"https:\/\/beauteexclusive.com\/index.php?rest_route=\/wp\/v2\/product\/16731","targetHints":{"allow":["GET"]}}],"collection":[{"href":"https:\/\/beauteexclusive.com\/index.php?rest_route=\/wp\/v2\/product"}],"about":[{"href":"https:\/\/beauteexclusive.com\/index.php?rest_route=\/wp\/v2\/types\/product"}],"replies":[{"embeddable":true,"href":"https:\/\/beauteexclusive.com\/index.php?rest_route=%2Fwp%2Fv2%2Fcomments&post=16731"}],"wp:featuredmedia":[{"embeddable":true,"href":"https:\/\/beauteexclusive.com\/index.php?rest_route=\/wp\/v2\/media\/16732"}],"wp:attachment":[{"href":"https:\/\/beauteexclusive.com\/index.php?rest_route=%2Fwp%2Fv2%2Fmedia&parent=16731"}],"wp:term":[{"taxonomy":"store","embeddable":true,"href":"https:\/\/beauteexclusive.com\/index.php?rest_route=%2Fwp%2Fv2%2Fstore&post=16731"},{"taxonomy":"product_brand","embeddable":true,"href":"https:\/\/beauteexclusive.com\/index.php?rest_route=%2Fwp%2Fv2%2Fproduct_brand&post=16731"},{"taxonomy":"product_cat","embeddable":true,"href":"https:\/\/beauteexclusive.com\/index.php?rest_route=%2Fwp%2Fv2%2Fproduct_cat&post=16731"},{"taxonomy":"product_tag","embeddable":true,"href":"https:\/\/beauteexclusive.com\/index.php?rest_route=%2Fwp%2Fv2%2Fproduct_tag&post=16731"}],"curies":[{"name":"wp","href":"https:\/\/api.w.org\/{rel}","templated":true}]}}